) be the second derivative of -j**4/12 + 120*j**2 - j - 7. List the prime factors of f(0).
2, 3, 5
Suppose 35 = 3*a - l + 11, 0 = -a - l + 4. Let d(o) = 3*o**3 - 14*o**2 + 28*o + 4. List the prime factors of d(a).
3, 181
Suppose 0 = -s + 4*m + 8, 8 = 3*m + m. Suppose -17*q + s*q - 641 = -l, -l = -3*q - 635. List the prime factors of l.
2, 7, 23
Suppose -4*o = 2*u - 574, -2*o + 9 = -1. Let z be 2/(-12) - u/(-6). List the prime factors of (-2 - z/(-5))*(9 + -4).
2, 3
Let k = -117 - -113. List the prime factors of 5 + (-966)/(-6) + k.
2, 3
Suppose 221*p - 11088 = 213*p + 71392. List the prime factors of p.
2, 5, 1031
List the prime factors of (46882/6)/((-11 + -11)/(-66)).
11, 2131
Let q(v) = -13*v - 113. Let n be q(-7). Let k(o) = 3*o**2 - 17*o - 136. List the prime factors of k(n).
2, 5, 13
Let n = -6147 - -6453. What are the prime factors of n?
2, 3, 17
Suppose -s = w - 1481 - 9656, -4*s - 44580 = -4*w. What are the prime factors of w?
13, 857
Let a = 103 - 88. List the prime factors of 664*10/a*(2 + 1).
2, 83
Suppose -35*u = -19*u + 224. Let l(s) = 3*s**2 + 13*s - 53. List the prime factors of l(u).
353
Let f = -230 - -214. What are the prime factors of (-1 - -1)/(f/16) + 424?
2, 53
Let d(u) = -1981*u - 1055. What are the prime factors of d(-3)?
2, 13, 47
Suppose 10*f - 1057 + 63 - 1536 = 0. List the prime factors of f.
11, 23
Let u be (2/(-4))/((-1)/6). Suppose -w - u*g = 4*w - 711, w + 2*g = 138. Let i = w - 103. What are the prime factors of i?
41
Suppose 32*y - 36*y = -16. Let d be 1131*(y + 11/(-3)). Suppose 277 + d = 6*s. List the prime factors of s.
109
List the prime factors of 20018 - (-3 - (60/150)/(2/(-10))).
3, 6673
Let v(g) = g**2 - 9*g - 2. Let y be v(19). Let r = 386 + y. List the prime factors of r.
2, 7, 41
Let h = -24314 + 34351. List the prime factors of h.
10037
Suppose 8*l - 2453 = 11*l - 4*p, 4077 = -5*l + p. List the prime factors of ((-52)/60 - 7/21)*l.
2, 3, 163
Let c = -27387 + 48365. List the prime factors of c.
2, 17, 617
Let r = -44588 - -81676. What are the prime factors of r?
2, 19, 61
Let o = -157 + 360. Suppose -o = 40*t - 41*t. Let g = -149 + t. List the prime factors of g.
2, 3
Let b = -4208 - -4544. What are the prime factors of b?
2, 3, 7
Let g be (-2)/14 + (-6852)/(-42). Suppose 0 = -4*n + 3*r + 103 - 28, -n + 6 = -5*r. Suppose -z + g = n. What are the prime factors of z?
2, 71
Let d = 226 + -62. Suppose 13*u = 9*u + d. Suppose 6*n - 2*n - a = 191, u = n + 2*a. List the prime factors of n.
47
Let i be -7*(-3 - -2)/((-1)/(-2)). Let n be 6/(-21) + (-65)/i*-2. Suppose -n*l = -145 - 1286. What are the prime factors of l?
3, 53
Suppose 8*v - 340 = 1404. Suppose -29*r + v = -27*r. What are the prime factors of r?
109
Let y(l) = -13*l - 26. Let s be y(-5). Let d = s + 72. List the prime factors of 1/1 + d + 10.
2, 61
What are the prime factors of 2548/1820 + (-581296)/(-10)?
3, 2153
Suppose -3*z = 3*z - 4644. Suppose 17*y = 13*y - 3*g + 623, g = 5*y - z. List the prime factors of y.
5, 31
Suppose -559*b = -563*b + 2036. Let q = -109 + b. List the prime factors of q.
2, 5
Let f(u) = 48*u - 10. Let k be f(6). Suppose 0 = -4*h + 86 + k. Suppose -2*d - 455 = -5*l, l + 2*d + 2*d = h. List the prime factors of l.
7, 13
Suppose 0 = 753*c - 5537402 - 19796530. List the prime factors of c.
2, 13, 647
List the prime factors of 3*(867248/60 + (-4)/(-20)).
103, 421
Let v = -50387 - -84925. What are the prime factors of v?
2, 7, 2467
Suppose 2*k = 0, 5*k - 9*k = -5*l + 25. Suppose -5*d = -l*s - 5090, -2*s + 3890 = 3*d + 826. What are the prime factors of d?
2, 3, 5, 17
Suppose 0 = -2*p - z + 4, 0 = -2*p - z - 3*z + 4. Suppose -40 = -2*c - n, -p*c + 40 = -0*n - 5*n. What are the prime factors of c?
2, 5
Let b(l) = 7*l**3 + 4*l + 9. Let f(s) = 10*s**3 + 6*s + 13. Let v(t) = -7*b(t) + 5*f(t). Let i be v(0). List the prime factors of (213/22 - 10/55)*i.
19
Suppose 4 = -j - 3*z, 2*j - 2*z - 23 = -15. Suppose -j*b - 270 + 534 = 0. What are the prime factors of b?
2, 3, 11
Let m(q) = -22*q + 137. Let u(l) = -3*l - 37. Let b be u(-11). List the prime factors of m(b).
3, 5
Let z = 455 + -485. List the prime factors of (-40)/(-6)*(-432)/z.
2, 3
Suppose -29*b + 33*b = -4. Let f be (3/(-6) - b)*0. Suppose -4*u = -f*u - 48. List the prime factors of u.
2, 3
Let w = -605 - -608. Suppose w*u - 2031 = -96. What are the prime factors of u?
3, 5, 43
Let w be -12*(9/(-2))/9. List the prime factors of ((w - -2)/(-8))/(1/(-27)).
3
Suppose -n = -4*r + 41564, -780*r + 784*r - 41588 = -5*n. List the prime factors of r.
2, 3, 433
Suppose 0 = -17*h + 252 + 71. Suppose -14*y = -h*y + o + 639, 0 = -2*y - 4*o + 238. What are the prime factors of y?
127
Let n(i) = 1864*i - 3183. What are the prime factors of n(26)?
45281
Suppose -8*z = 12*z + 17800. Let q = 1746 + z. What are the prime factors of q?
2, 107
Suppose 5222 = 5*z - 2*u - 132, 2*u - 3206 = -3*z. Let f = z + -739. List the prime factors of f.
331
Let z(f) = -2*f**3 + 40*f**2 + 5*f - 166. What are the prime factors of z(16)?
2, 3, 109
What are the prime factors of 205*(11 + -96)/(-5)?
5, 17, 41
List the prime factors of (3/6)/(5/(-30)) + 7944.
3, 2647
Let p = -1999 + 74751. What are the prime factors of p?
2, 4547
Let n(c) = 8*c - 141. Let h be n(18). Suppose 6*v + 918 = j + 8*v, -v + 2739 = h*j. List the prime factors of j.
2, 3, 19
Suppose -4*g + 2*r = -21786, 5*r + 15079 + 1264 = 3*g. List the prime factors of g.
2, 7, 389
Let s(i) = -2 + i - 1473*i**3 + 737*i**3 + 734*i**3 - 11*i**2. What are the prime factors of s(-7)?
2, 3, 23
Let m be (1148/(-5) - 2)/((-9)/30). Suppose -2*u + 2*j = -752, 2*j + m = 4*u - 722. List the prime factors of u.
7, 53
Let l = -63445 - -106757. List the prime factors of l.
2, 2707
Let h = 21484 + -14556. What are the prime factors of h?
2, 433
Suppose -i - 3*p - 611 = -2924, -2*p + 9262 = 4*i. List the prime factors of i.
2, 3, 193
Suppose 145*t = 389*t - 7634272. What are the prime factors of t?
2, 3911
Suppose 2*o = -l - 3*o + 40, -4*o = 5*l - 116. Let k be (-12)/(-20) - ((-268)/l - -3). Let t(q) = 18*q - 38. What are the prime factors of t(k)?
2, 5
Suppose 3*p - 8*p + 20 = 0, 5*q - 4*p = 50664. What are the prime factors of q?
2, 7, 181
Let s = 25 - 23. Suppose s*g = -4*h + 3072, 11*g - 13*g = -3*h - 3037. What are the prime factors of g?
2, 7, 109
Let n = 205 - 224. Let c(v) = v**2 - 6*v - 117. What are the prime factors of c(n)?
2, 179
Let j(s) = -s**3 - 3*s**2 - 2*s. Let h be j(-3). Let v be (10/(-3))/((-928)/156 + h). Let r = 136 + v. List the prime factors of r.
71
Let c be (10/(-4))/(((-7)/2)/(-7)). Let n(q) = -129*q + 63. What are the prime factors of n(c)?
2, 3, 59
Suppose 9*d + 8361 = -0*d. List the prime factors of (d/3)/((-4)/(-6) - 1).
929
Suppose -119*w + 698057 + 453953 = -3608942. List the prime factors of w.
2, 3, 1667
Let k be 2/((-4)/(0 + 4))*-2. Let r(b) = 18*b**2 - 5*b + 3. List the prime factors of r(k).
271
Let z = 68 - 69. Let s(o) = -o**2 - 4*o + 9. Let t(q) = -q. Let p(r) = z*s(r) - 3*t(r). List the prime factors of p(6).
3, 23
Let n be -5*916*2/(-10)*7. Suppose -27*d = d - n. What are the prime factors of d?
229
Let r(d) = -d**3 - 20*d**2 + 16*d - 102. Let z be r(-21). Suppose -2*l + 270 = k, -152 - 247 = -z*l - 3*k. What are the prime factors of l?
137
Let q be 25*5/25 - 1. Suppose -3*j - 60 = -3*p, -5*p + 60 - 5 = q*j. What are the prime factors of p?
3, 5
Suppose 0 = 2*p - 3*x + 95, -8*p + 5*x = -5*p + 143. Let y = -105 - p. Let t = -45 - y. What are the prime factors of t?
2, 7
Suppose -6*l - 422 = -1922. Let u = l - -10. Suppose 4*q - 192 = -2*f, f + 2*f - q - u = 0. What are the prime factors of f?
2, 11
Let y(z) be the third derivative of -z**5/60 + 23*z**4/24 + 14*z**3/3 + 436*z**2. Suppose -3*d + 42 = -9. List the prime factors of y(d).
2, 5, 13
Let s(t) = -t**2 - 3*t - 1. Let j be s(-3). Suppose -2*m + 7 = -5. Let w = m - j. List the prime factors of w.
7
Suppose 7*a = 2040 + 662. Suppose -a + 2430 = 4*m. List the prime factors of m.
7, 73
Suppose -1461*x - 64036 = -1463*x + 5*f, -3*x + 96096 = 3*f. List the prime factors of x.
2, 3, 17, 157
Suppose -5*x - 3*w = -941, -5*x - 2*w + 635 + 309 = 0. Suppose -x*n = -195*n + 325. What are the prime factors of n?
5, 13
What are the prime factors of (-287714)/91*(-65)/10?
20551
S